d by 1105?
1003
Calculate the remainder when 2452873 is divided by 22711.
85
Calculate the remainder when 11672 is divided by 3124.
2300
What is the remainder when 46920 is divided by 15272?
1104
Calculate the remainder when 213031 is divided by 694.
667
Calculate the remainder when 1352675681 is divided by 1501.
1499
Calculate the remainder when 2063584 is divided by 89701.
461
What is the remainder when 55093935 is divided by 114?
15
What is the remainder when 338601 is divided by 4048?
2617
What is the remainder when 1473816 is divided by 215?
206
What is the remainder when 594992 is divided by 132?
68
Calculate the remainder when 3084940 is divided by 92.
88
What is the remainder when 129602254 is divided by 281?
277
What is the remainder when 436252 is divided by 341?
113
What is the remainder when 56486892 is divided by 1072?
1068
What is the remainder when 1868657 is divided by 622814?
215
Calculate the remainder when 4878032 is divided by 40990.
222
What is the remainder when 41145952 is divided by 1640?
1632
What is the remainder when 4139100 is divided by 420?
0
What is the remainder when 2843215 is divided by 14506?
39
Calculate the remainder when 984541 is divided by 426.
55
Calculate the remainder when 1052327 is divided by 350773.
8
What is the remainder when 1582423 is divided by 127?
3
Calculate the remainder when 489449259 is divided by 4.
3
What is the remainder when 28807119 is divided by 3748?
3739
What is the remainder when 2045197 is divided by 606?
553
What is the remainder when 2867590 is divided by 1979?
19
What is the remainder when 783538 is divided by 17761?
2054
Calculate the remainder when 51268 is divided by 1510.
1438
What is the remainder when 18555512 is divided by 201?
197
What is the remainder when 576907 is divided by 619?
618
Calculate the remainder when 96983 is divided by 360.
143
Calculate the remainder when 541123 is divided by 117.
115
Calculate the remainder when 11146758 is divided by 5573375.
8
What is the remainder when 234203 is divided by 32646?
5681
Calculate the remainder when 2391345 is divided by 50.
45
What is the remainder when 83281995 is divided by 2776066?
15
What is the remainder when 2136428 is divided by 5578?
54
Calculate the remainder when 4105428 is divided by 586486.
26
What is the remainder when 18458686 is divided by 109873?
22
Calculate the remainder when 1339063 is divided by 39382.
75
Calculate the remainder when 2308897 is divided by 143.
19
Calculate the remainder when 6422174 is divided by 2140698.
80
Calculate the remainder when 3061227 is divided by 1481.
0
What is the remainder when 37296 is divided by 1681?
314
What is the remainder when 3566815 is divided by 4481?
4420
What is the remainder when 40488812 is divided by 4048876?
52
What is the remainder when 2449891 is divided by 289?
38
Calculate the remainder when 212365 is divided by 19296.
109
What is the remainder when 1903534 is divided by 271874?
416
Calculate the remainder when 382776 is divided by 4030.
3956
What is the remainder when 798940 is divided by 1203?
148
What is the remainder when 2078349 is divided by 12314?
9597
Calculate the remainder when 115379 is divided by 22847.
1144
What is the remainder when 977669327 is divided by 344?
343
Calculate the remainder when 883135 is divided by 441433.
269
Calculate the remainder when 5854604 is divided by 3083.
3070
Calculate the remainder when 649554 is divided by 882.
402
What is the remainder when 565676 is divided by 43507?
85
Calculate the remainder when 5861851 is divided by 88.
83
What is the remainder when 1028308 is divided by 1479?
403
What is the remainder when 16992914 is divided by 25?
14
Calculate the remainder when 1472841 is divided by 87.
18
What is the remainder when 19477077 is divided by 44?
37
Calculate the remainder when 16472922 is divided by 1467.
1446
Calculate the remainder when 554501 is divided by 554387.
114
What is the remainder when 284282 is divided by 1134?
782
Calculate the remainder when 476179 is divided by 49.
46
What is the remainder when 358834 is divided by 791?
511
What is the remainder when 2655340 is divided by 481?
220
Calculate the remainder when 5232326 is divided by 1163.
1152
Calculate the remainder when 24283 is divided by 12009.
265
What is the remainder when 4884596 is divided by 211?
157
Calculate the remainder when 7027880 is divided by 319449.
2
Calculate the remainder when 3770592 is divided by 1063.
131
What is the remainder when 2216877 is divided by 851?
22
What is the remainder when 11336165 is divided by 394?
391
Calculate the remainder when 77218 is divided by 3980.
1598
Calculate the remainder when 307424 is divided by 14549.
1895
What is the remainder when 39381 is divided by 12092?
3105
Calculate the remainder when 76825 is divided by 4289.
3912
Calculate the remainder when 2633773 is divided by 278.
1
Calculate the remainder when 1117653 is divided by 7869.
255
Calculate the remainder when 107474 is divided by 17790.
734
Calculate the remainder when 88392 is divided by 4716.
3504
What is the remainder when 1228693 is divided by 1631?
550
Calculate the remainder when 3202953 is divided by 3764.
3553
Calculate the remainder when 26180427 is divided by 1733.
1729
Calculate the remainder when 53078919 is divided by 838.
837
Calculate the remainder when 3792097 is divided by 775.
22
Calculate the remainder when 3184571 is divided by 2352.
2315
What is the remainder when 126308 is divided by 251?
55
Calculate the remainder when 23181 is divided by 504.
501
What is the remainder when 4313394 is divided by 19?
14
Calculate the remainder when 106389 is divided by 27.
9
What is the remainder when 11631728 is divided by 78065?
43
What is the remainder when 129643 is divided by 272?
171
Calculate the remainder when 648344 is divided by 312.
8
Calculate the remainder when 63773641 is divided by 1822.
1819
Calculate the remainder when 4651323 is divided by 2340.
1743
What is the remainder when 46197676 is divided by 7381?
7378
What is the remainder when 8790 is divided by 8595?
195
Calculate the remainder when 6037405 is divided by 716.
93
What is the remainder when 34835 is divided by 1246?
1193
What is the remainder when 920327 is divided by 4719?
122
What is the remainder when 54051898 is divided by 605?
593
What is the remainder when 48283 is divided by 2994?
379
Calculate the remainder when 430540 is divided by 305.
185
What is the remainder when 1068469 is divided by 840?
829
Calculate the remainder when 2741656 is divided by 91387.
46
Calculate the remainder when 8519000 is divided by 11.
6
Calculate the remainder when 492614 is divided by 507.
317
What is the remainder when 7462124 is divided by 774?
764
What is the remainder when 282887 is divided by 253?
33
Calculate the remainder when 132142 is divided by 1375.
142
Calculate the remainder when 264752 is divided by 69.
68
Calculate the remainder when 4088534 is divided by 13405.
9
Calculate the remainder when 1473109 is divided by 643.
639
Calculate the remainder when 578847 is divided by 2689.
712
What is the remainder when 473263 is divided by 4075?
563
Calculate the remainder when 169299 is divided by 688.
51
Calculate the remainder when 78699 is divided by 1139.
108
What is the remainder when 665363 is divided by 9499?
433
Calculate the remainder when 336080173 is divided by 799.
798
What is the remainder when 323660 is divided by 323647?
13
Calculate the remainder when 49156 is divided by 91.
16
Calculate the remainder when 449817860 is divided by 26.
24
What is the remainder when 299720 is divided by 1091?
786
Calculate the remainder when 6587538 is divided by 3293623.
292
Calculate the remainder when 318532 is divided by 53082.
40
What is the remainder when 5737775 is divided by 139?
133
Calculate the remainder when 40584487 is divided by 2210.
47
What is the remainder when 30856655 is divided by 122447?
11
Calculate the remainder when 543763 is divided by 163.
158
What is the remainder when 43064 is divided by 91?
21
What is the remainder when 5113785 is divided by 4653?
138
What is the remainder when 1523600 is divided by 125?
100
What is the remainder when 670142 is divided by 1667?
8
Calculate the remainder when 87695 is divided by 21